s) = 19*s - 17. What is the remainder when d(3) is divided by f?
10
Let f = 681 + -716. Calculate the remainder when (-4080)/f + (-6)/(-14) is divided by 33.
18
Suppose -3*u = 1 - 7, 0 = -3*d + 3*u + 6. Suppose -d*n + 2*m + 12 = -2*n, 0 = n + m. Calculate the remainder when 3/6*(1 + 21) is divided by n.
2
Let z(l) = -l**3 - 28*l**2 - 29*l - 28. Suppose 2*j - 110 = 5*y, -4*j + 106 = -2*j - 3*y. Calculate the remainder when j is divided by z(-27).
24
Let j(s) = -11*s + 2. Let h(r) = 12*r - 1. Let y(t) = 3*h(t) + 2*j(t). Calculate the remainder when y(10) is divided by 18.
15
Suppose -4*a - 5*u = -4436, -a - 5*u + 1092 = -8*u. What is the remainder when a is divided by 14?
12
Let w = 46 - 43. Suppose -j - 8 = -5*k, -w*j - 2*j + 12 = k. Calculate the remainder when 14 is divided by (0 - 2)/(k - 32/12).
2
Let v = 48 + -20. Let g(a) = 1429*a - 40004. Calculate the remainder when v is divided by g(28).
4
Suppose 22*s - 21*s - 233 = 0. Let u = -163 + s. Calculate the remainder when u is divided by 70.
0
Let w = 21750 - 4155. Calculate the remainder when w is divided by 166.
165
Let j = 0 + 236. Suppose -11*y = -7*y - j. What is the remainder when 410 is divided by y?
56
Let j = 5078 - 4183. Calculate the remainder when j is divided by 32.
31
Suppose -219 - 2112 = -37*m. What is the remainder when 162 is divided by m?
36
Let f be (-7 + 11)/(1/16). Let w = f - -258. What is the remainder when w is divided by 25?
22
Let g = -3606 - -9239. Calculate the remainder when g is divided by 256.
1
Let o = -44 - 1. What is the remainder when 24 is divided by (-60)/o + 24/9?
0
Suppose n + 3*n + 392 = 0. Let u = 112 + n. Let o = -12 - -17. What is the remainder when u is divided by o?
4
Let q be ((-13065)/(-10))/3*-2. Let v = q - -896. What is the remainder when 68 is divided by v?
18
Suppose 3*s + 31 - 28 = 0. Suppose 4*z - 11 = 9. What is the remainder when -5 - -4 - s*33 is divided by z?
2
Suppose -4*g + 147 = 3*g. Let b(c) = -3*c - 37. Calculate the remainder when b(-13) is divided by 39/g + 0 - (-2)/14.
0
Let u(y) = 2*y**3 - 54*y**2 - 2*y + 168. Calculate the remainder when 652 is divided by u(0).
148
Suppose -r - 3 = 2*r, -l - 138 = -5*r. Suppose 0 = -12*b - 600. Let m = b - l. Calculate the remainder when m is divided by 32.
29
Let j(u) = -u**3 + 3*u**2 - 2*u - 4. Let l be j(4). Let b be -6 + 19 + -25 + (62 - 0). Let s = l + b. Calculate the remainder when s is divided by 5.
2
Suppose 455*v = 471*v - 1632. What is the remainder when v is divided by 44/33*(-78)/(-4)?
24
Suppose 2*j - 116 = -0*j. Let x(k) = 4*k**2 + 2*k + 9. What is the remainder when x(6) is divided by j?
49
Suppose -37 = 3*r + 395. What is the remainder when 66 is divided by (r/4)/12 + (-88)/(-2)?
25
Let i(n) = -7*n + 386. What is the remainder when i(-9) is divided by 9?
8
Let i(b) = 621*b + 1257. What is the remainder when 565 is divided by i(-2)?
10
Suppose 494*t - 840 = 438*t. Calculate the remainder when t is divided by 1.
0
Suppose -21 = -15*v + 11 + 148. Calculate the remainder when 369 is divided by v.
9
Let m be -8 + 5 - (-38)/(-2). Let w = m - -27. Suppose -59 = -w*v + 66. What is the remainder when 72 is divided by v?
22
Suppose -1335 = -5*x + 5*u, 0 = 5*u - 32 + 2. What is the remainder when x is divided by 179?
94
Let d(h) = 20*h**2 - 294*h + 60. Calculate the remainder when 514 is divided by d(15).
64
Let v = -43 + 43. Let r be 1 - 4 - (v - 8). Suppose 3*x - 2*t + 0*t - 31 = 0, -2*x = r*t - 8. What is the remainder when x is divided by 5?
4
Calculate the remainder when 730 is divided by -1*33/44 - (-1773)/12.
142
Suppose -2*v = -2*x - 4*v + 68, 5*x + 3*v = 186. Calculate the remainder when x is divided by (-6)/15 + (-57)/(-5).
9
Suppose 0 = -31*a - 26815 + 32209. Calculate the remainder when 226 is divided by a.
52
Suppose r + 5*q - 407 = 0, -q + 1235 = 12*r - 9*r. Calculate the remainder when r is divided by 38.
32
Let a(g) = 0*g + g - 5*g. Let h be 2/(2*(44/66)/(30/(-9))). What is the remainder when a(h) is divided by 8?
4
Let x = -510 - -651. What is the remainder when 283 is divided by x?
1
Let b(p) = 21*p - 1118. What is the remainder when b(68) is divided by 13?
11
Let n(o) = -o**2 + 297*o + 1241. Calculate the remainder when 192 is divided by n(-4).
7
Let q(z) = -1647*z + 21432. Let n(l) = -l**3 + l**2 - l + 2. Calculate the remainder when q(13) is divided by n(-2).
5
What is the remainder when (10/15 - (1 - 1))/(16/16656) is divided by 12?
10
Let u = -20457 - -20726. What is the remainder when u is divided by 5?
4
Let d = 5127 + -4706. Calculate the remainder when 860 is divided by d.
18
Let s = 172 + 117. Let h = 307 - s. Calculate the remainder when 35 is divided by h.
17
Suppose -f + 6395 = 2*g, -3*g - f = -5706 - 3885. Calculate the remainder when g is divided by 33.
28
Let x = -842 + 451. Let d = 404 + x. What is the remainder when 47 is divided by d?
8
Let q(o) = 56*o + 1725. What is the remainder when q(-28) is divided by 105?
52
Suppose 0 = 8*i - 4 - 596. What is the remainder when 3149 is divided by i?
74
Suppose 16*b - p - 19 = 15*b, 5*p - 49 = -b. What is the remainder when 138 is divided by b?
18
Let b(c) be the first derivative of 3*c**4/4 - 32*c**3/3 - 5*c**2/2 + 7*c + 30. Calculate the remainder when b(11) is divided by 13.
8
Let n(t) = t**3 + 5*t**2 - 7*t - 5. Suppose 10*r = 8*r + 2, a - 364 = 4*r. Calculate the remainder when 49/4 - 92/a is divided by n(-6).
0
What is the remainder when 91 is divided by (-8)/(-18)*(-9)/2 - -26?
19
Suppose -h - 5 = q, -h - 3*q + 8*q + 25 = 0. What is the remainder when (7/(14/(-92)))/(-11 - -9) is divided by 3 - h - (-6 - (-2 - -6))?
10
Let v(r) = 11*r**3 - 11*r**2 + r + 1. Suppose -47 - 5 = -2*q. What is the remainder when v(2) is divided by q?
21
Let i = -24 + 31. Suppose 0 = 12*g - 55 + i. Let w = -23 + 28. What is the remainder when w is divided by g?
1
Let x = 737 - 282. Calculate the remainder when x is divided by 24.
23
Let z = 242 + -214. Calculate the remainder when 89 is divided by z.
5
Suppose 3*r = -5*r. Suppose r - 18 = 3*u. Let f = u - -21. What is the remainder when 56 is divided by f?
11
Let u(b) = 6*b**2 + 33*b - 103. What is the remainder when 260 is divided by u(4)?
10
Let u = 144 + -95. What is the remainder when u is divided by 4 + (4 + -3)/(1/6)?
9
Suppose 0*v + 22 = -v. Let s = v - -440. Suppose -7*p + 478 = -s. What is the remainder when p is divided by 26?
24
Suppose -4*h + 12 = -2*o, -2*o + 6 - 3 = -h. Suppose 3*n - 376 = h*n. Let v = -67 - n. What is the remainder when v is divided by 41?
39
Let i be 4*1 + (26 - 28). Suppose 9 = d + 2*t - t, i*d - 21 = -t. Calculate the remainder when 31 is divided by d.
7
Let y = 3813 - 3797. What is the remainder when 130 is divided by y?
2
Let j = -13 + 49. Suppose 1 = 2*y - 5. What is the remainder when 15 is divided by y/12*1*j?
6
Let y = 264 + -33. What is the remainder when y is divided by (-480)/(20 + -44) + 9?
28
Let c(h) = 5*h + 80. Let v be c(0). Suppose 2*t = -5*q + 40, -4*t + 0*q = -2*q - v. What is the remainder when 27 is divided by 56/t*(-10)/(-4)?
6
Suppose 0 = -0*c - 5*c + 225. Calculate the remainder when c is divided by ((-45)/60)/(30/(-728)) + (-2)/10.
9
Suppose 155*n = -51*n + 2511716 - 443270. What is the remainder when n is divided by 12?
9
Suppose -t - 135 + 361 = -3*x, 3*t + 5*x - 580 = 0. Calculate the remainder when t is divided by 37.
20
Let w(c) = 33*c**2 + 113*c - 59. What is the remainder when 404 is divided by w(-5)?
2
Suppose 21 + 144 = 3*v. Suppose -v*s = -57*s + 670. What is the remainder when s is divided by 26?
23
Let v = 87 - 35. Suppose -v = 4*d + 3*t, -3*d - 4*t - 51 + 5 = 0. Let c(i) = 2*i**2 + 18*i - 3. What is the remainder when 48 is divided by c(d)?
14
Suppose 2*d - 14 = -10. Let u be ((-5)/d)/(3*(-25)/60). Suppose u*w + a - 121 - 46 = 0, -4*a = -20. What is the remainder when w is divided by 29?
23
Suppose 0 = -93*p - 53*p + 3066. Calculate the remainder when 885 is divided by p.
3
Let q(a) = -5*a**3 - 2*a**2 - 7*a - 7. Let u be q(-3). Let s = u - 110. Suppose -3*v + 2*v + 167 = 0. What is the remainder when v is divided by s?
20
Let r be 71 + (-42)/(6 - 12). Suppose -10*l + r = -52. What is the remainder when 55 is divided by l?
3
Let f(t) = t**2 + 18*t - 120. What is the remainder when f(7) is divided by (-3